t is the hundred thousands digit of 3274778?
2
What is the units digit of 600443?
3
What is the hundred thousands digit of 26315328?
3
What is the ten thousands digit of 696816?
9
What is the units digit of 2543230?
0
What is the ten thousands digit of 463739?
6
What is the tens digit of 56426?
2
What is the tens digit of 2625534?
3
What is the thousands digit of 164155?
4
What is the tens digit of 926322?
2
What is the thousands digit of 507880?
7
What is the ten thousands digit of 1440253?
4
What is the ten thousands digit of 3160692?
6
What is the units digit of 7237229?
9
What is the tens digit of 546006?
0
What is the ten thousands digit of 2702767?
0
What is the hundred thousands digit of 360539?
3
What is the millions digit of 14059602?
4
What is the millions digit of 1480216?
1
What is the thousands digit of 631492?
1
What is the thousands digit of 410532?
0
What is the tens digit of 324821?
2
What is the thousands digit of 696791?
6
What is the ten thousands digit of 303338?
0
What is the ten thousands digit of 455925?
5
What is the thousands digit of 1152071?
2
What is the millions digit of 17731049?
7
What is the units digit of 201821?
1
What is the tens digit of 17275707?
0
What is the hundred thousands digit of 321317?
3
What is the hundreds digit of 110593?
5
What is the hundreds digit of 3457?
4
What is the millions digit of 1613633?
1
What is the ten thousands digit of 959965?
5
What is the hundreds digit of 533125?
1
What is the thousands digit of 11746021?
6
What is the tens digit of 6525444?
4
What is the thousands digit of 273937?
3
What is the thousands digit of 3704693?
4
What is the thousands digit of 1647623?
7
What is the thousands digit of 4827919?
7
What is the millions digit of 18796331?
8
What is the units digit of 608427?
7
What is the millions digit of 4114175?
4
What is the ten thousands digit of 1147085?
4
What is the tens digit of 9798784?
8
What is the units digit of 1452086?
6
What is the ten thousands digit of 19370660?
7
What is the ten millions digit of 10064478?
1
What is the millions digit of 7502443?
7
What is the units digit of 6271933?
3
What is the tens digit of 2426572?
7
What is the units digit of 2669249?
9
What is the ten thousands digit of 64562?
6
What is the units digit of 2820?
0
What is the hundreds digit of 3522928?
9
What is the tens digit of 2100592?
9
What is the units digit of 1022731?
1
What is the tens digit of 1176179?
7
What is the tens digit of 11603448?
4
What is the hundreds digit of 21836601?
6
What is the tens digit of 4838044?
4
What is the hundred thousands digit of 21893940?
8
What is the ten thousands digit of 1161060?
6
What is the thousands digit of 10065163?
5
What is the millions digit of 1152721?
1
What is the hundreds digit of 176349?
3
What is the thousands digit of 2101857?
1
What is the ten thousands digit of 898534?
9
What is the units digit of 2255932?
2
What is the units digit of 3218895?
5
What is the tens digit of 1415158?
5
What is the hundreds digit of 38789647?
6
What is the tens digit of 7606794?
9
What is the hundreds digit of 2143813?
8
What is the tens digit of 6187569?
6
What is the tens digit of 163658?
5
What is the ten thousands digit of 585244?
8
What is the thousands digit of 2686893?
6
What is the ten thousands digit of 11282258?
8
What is the units digit of 6802868?
8
What is the hundred thousands digit of 918488?
9
What is the units digit of 203773?
3
What is the units digit of 175201?
1
What is the ten thousands digit of 1026081?
2
What is the millions digit of 3076532?
3
What is the hundred thousands digit of 3244544?
2
What is the thousands digit of 104639?
4
What is the millions digit of 4668818?
4
What is the tens digit of 19300453?
5
What is the units digit of 70900?
0
What is the tens digit of 6920326?
2
What is the units digit of 729844?
4
What is the hundred thousands digit of 9202863?
2
What is the units digit of 141914?
4
What is the units digit of 4878132?
2
What is the hundred thousands digit of 334030?
3
What is the hundred thousands digit of 877593?
8
What is the hundreds digit of 677164?
1
What is the hundred thousands digit of 391981?
3
What is the hundreds digit of 6655488?
4
What is the units digit of 616536?
6
What is the ten thousands digit of 564982?
6
What is the hundred thousands digit of 7335894?
3
What is the thousands digit of 16845888?
5
What is the units digit of 1817713?
3
What is the tens digit of 673878?
7
What is the thousands digit of 14720465?
0
What is the ten thousands digit of 78068?
7
What is the ten thousands digit of 65863?
6
What is the ten thousands digit of 1723349?
2
What is the hundred thousands digit of 382296?
3
What is the hundreds digit of 4753917?
9
What is the thousands digit of 15347605?
7
What is the thousands digit of 2241185?
1
What is the units digit of 1426723?
3
What is the hundreds digit of 15242?
2
What is the units digit of 2207720?
0
What is the tens digit of 3654918?
1
What is the tens digit of 2096686?
8
What is the units digit of 4100633?
3
What is the units digit of 6939794?
4
What is the hundred thousands digit of 2099446?
0
What is the millions digit of 17689103?
7
What is the units digit of 267274?
4
What is the millions digit of 1752594?
1
What is the tens digit of 706443?
4
What is the ten millions digit of 13356770?
1
What is the hundreds digit of 166980?
9
What is the hundred thousands digit of 3364411?
3
What is the units digit of 1907609?
9
What is the thousands digit of 47465?
7
What is the tens digit of 186872?
7
What is the hundred thousands digit of 1356048?
3
What is the hundreds digit of 120697?
6
What is the hundred thousands digit of 220470?
2
What is the ten thousands digit of 1724006?
2
What is the units digit of 15929?
9
What is the thousands digit of 16168777?
8
What is the tens digit of 5820480?
8
What is the ten thousands digit of 718635?
1
What is the ten thousands digit of 33027184?
2
What is the ten thousands digit of 7275778?
7
What is the tens digit of 935844?
4
What is the thousands digit of 2475750?
5
What is the hundred thousands digit of 8768967?
7
What is the ten thousands digit of 475815?
7
What is the tens digit of 123932?
3
What is the hundred thousands digit of 331295?
3
What is the tens digit of 210720?
2
What is the hundreds digit of 513281?
2
What is the units digit of 5702659?
9
What is the hundred thousands digit of 609686?
6
What is the millions digit of 2264242?
2
What is the tens digit of 677355?
5
What is the hundreds digit of 2248478?
4
What is the tens digit of 4911695?
9
What is the millions digit of 4362010?
4
What is the tens digit of 5437643?
4
What is the units digit of 7773438?
8
What is the tens digit of 4240004?
0
What is the ten thousands digit of 33289229?
8
What is the hundred thousands digit of 232121?
2
What is the hundreds digit of 53124?
1
What is the hundreds digit of 86808?
8
What is the tens digit of 1945837?
3
What is the ten millions digit of 10502186?
1
What is the units digit of 39747?
7
What is the hundreds digit of 194139?
1
What is the ten thousands digit of 1587729?
8
What is the thousands digit of 72265?
2
What is the millions digit of 1360885?
1
What is the hundreds digit of 4302466?
4
What is the hundred thousands digit of 2672313?
6
What is the ten thousands digit of 374350?
7
What is the hundreds digit of 147506?
5
What is the hundreds digit of 195295?
2
What is the ten thousands digit of 1951419?
5
What is the ten thousands digit of 116118?
1
What is the hundreds digit of 376467?
4
What is the hundreds digit of 1570558?
5
What is the units digit of 291017?
7
What is the ten thousands digit of 4314824?
1
What is the tens digit of 673690?
9
What is the ten thousands digit of 1851850?
5
What is the ten thousands digit of 70117?
7
What is the hundreds digit of 752519?
5
What is the ten thousands digit of 314528?
1
What is the hundred thousands digit of 2048736?
0
What is the ten millions digit of 20134890?
2
What is the ten thousands digit of 9773634?
7
What is the tens digit of 6641091?
9
What is the tens digit of 461950?
5
What is the thousands digit of 1889345?
9
What is the thousands digit of 58551?
8
What is the millions digit of 6347481?
6
What is the units digit of 4473?
3
What is the units 